{"id":83,"date":"2020-12-04T22:27:34","date_gmt":"2020-12-04T21:27:34","guid":{"rendered":"http:\/\/www.gudygudy.de\/Wordpress\/?post_type=product&#038;p=83"},"modified":"2020-12-09T12:02:12","modified_gmt":"2020-12-09T11:02:12","slug":"umculai","status":"publish","type":"product","link":"http:\/\/www.gudygudy.de\/Wordpress\/index.php\/produkt\/umculai\/","title":{"rendered":"Umculai"},"content":{"rendered":"<p><strong>Umculai<\/strong> ist eine Spielschachtel f\u00fcr den kleinen Hund und die Katze.<\/p>\n<p><strong>Spieleinf\u00fchrung<\/strong>:<\/p>\n<p>Auf die obere transparente Abdeckung der Schachtel gibt es einen Knopf. Durch magnetische Kraft verbindet der Knopf mit einer inneren S\u00e4ule zusammen. schieben den Au\u00dfenknopf kann die innere S\u00e4ule steuern.<\/p>\n<p>lassen einige St\u00fccke der Trocken-Nahrungen in der Schachtel. Der Hund \/ die Katze kann die Nahrung sehen aber nicht mit seiner Pfote erreichen.<\/p>\n<p>Das Tier kann mit seiner Pfote den au\u00dfen Knopf zu bewegen (An Anfang kann Leute die Pfote des Tieres halten und leiten), steuern die Innere S\u00e4ule, um die Nahrung zu Seitent\u00fcr zu schieben.<\/p>\n<p>Wenn die Nahrung an der Seitent\u00fcr gebracht, kann der Hund \/ die Katze die Nahrung als den Spielpreis bekommen.<\/p>\n<p><img loading=\"lazy\" class=\"alignnone size-full wp-image-693 aligncenter\" src=\"http:\/\/www.gudygudy.de\/Wordpress\/wp-content\/uploads\/2020\/12\/A11-k1.jpg\" alt=\"\" width=\"800\" height=\"532\" srcset=\"http:\/\/www.gudygudy.de\/Wordpress\/wp-content\/uploads\/2020\/12\/A11-k1.jpg 800w, http:\/\/www.gudygudy.de\/Wordpress\/wp-content\/uploads\/2020\/12\/A11-k1-300x200.jpg 300w, http:\/\/www.gudygudy.de\/Wordpress\/wp-content\/uploads\/2020\/12\/A11-k1-768x511.jpg 768w, http:\/\/www.gudygudy.de\/Wordpress\/wp-content\/uploads\/2020\/12\/A11-k1-600x399.jpg 600w\" sizes=\"(max-width: 800px) 100vw, 800px\" \/><\/p>\n<p><strong>besondere Eigenschaft des Umculais<\/strong><\/p>\n<p>Der Hund und die Katze fangen die Nahrung mit seinem Mund und seiner Pfoten. Es ist eine &#8222;direkte Aktion&#8220;.<\/p>\n<p>Alle Tiere gew\u00f6hnen sich an die &#8222;direkte Aktion&#8220;.<\/p>\n<p>Momentan sind alle Hunde \/ Katze Spielzeuge Auf Grundlage der &#8222;direkte Aktion&#8220;. Einfach und Bescheiden, Aber es kann sich die tierisches Interessen leider nur wenige Minuten anziehen.<\/p>\n<p>Umculai ist auf der Grundlage der &#8222;indirekte Aktion&#8220;. Das Tier muss durch das Werkzeug erst die Nahrung\u00a0erreicht und erlangen.<\/p>\n<p><strong>Vorteile des Umculais:<\/strong><\/p>\n<ol>\n<li>Wandelt den Hund \/ die Katze die &#8222;direkte Aktion&#8220; zu &#8222;indirekter Aktion&#8220; um, es wird seinen Geist gro\u00dfe stimulieren. entwickeln seine Intelligenz.<\/li>\n<li>trainiert den Hund \/ die Katze die Feinheit und Genauigkeit seiner Aktion.<\/li>\n<li>Geduld Entwicklung.<\/li>\n<li>Die geistige arbeitende Feinbewegungen verbrauchen mehr Kalorien als der Sport.<\/li>\n<li>geben einen Thema, dass Sie und Ihres Lieblings zu Hause zusammenspielen.<\/li>\n<li>Beim Zusammenspiel m\u00fcssen Sie und Ihres Haustier die Information und die Absicht h\u00e4ufig kommunizieren. Es macht\u00a0 Ihnen und Ihrem Tier einander mehr erkennen, treibt die Freundschaft und stillschweigendes Einverst\u00e4ndnis voran.<\/li>\n<li>Durch Zusammenspiel k\u00f6nnen Sie mehr Eigenschaft Ihres Haustiers entdecken.<\/li>\n<\/ol>\n<p><strong>Tipps<\/strong>:<\/p>\n<p>An Anfang ist es nicht einfach f\u00fcr ein Haustier die nicht gewohnte &#8222;indirekter Aktion&#8220; allein durchzuf\u00fchren. Sie sollen Ihres Haustier helfen und zeigen, oder halten Sie die Pfote des Haustiers die Bewegung auszubilden.<\/p>\n<p>Zuerst trainieren die Bewegung in gerade Linie, danach Kurve.<\/p>\n<p>Durch \u00e4ndern die Position der innen kleine Gegenst\u00e4nde k\u00f6nnen Sie viele verschiedene, komplizierende Zufahrtswegen ersetzen.<\/p>\n<p>glauben Sie sich Ihres Haustier, zwar an Anfang seine Aktion verwegen, unvorsichtig, zu schnell, zu gro\u00dfe, &#8230; ist, kann Ihres Haustier wegen der Essensattraktion bestimmt die Verwendung des <strong>Umculai<\/strong>s erlernen. Nur brauchen Sie einige Geduld darauf legen, und mehr Male das <strong>Umculai<\/strong> mit Ihrem Haustier zusammen spielen.<\/p>\n<p>Wie lange kann Ihres Haustier das <strong>Umculai <\/strong>zu spielen gem\u00e4\u00df die Intelligenz Ihres Haustiers und wie h\u00e4ufig spielen Sie das <strong>Umculai<\/strong> mit Ihrem Tier zusammen.<\/p>\n<p><strong>Beachtung<\/strong>:<\/p>\n<p>Falls Sie keine genug Freizeit haben, oder noch nicht vorbereiten, Ihre Haustier die Feinbewegung, die &#8222;indirekt Aktion&#8220; unerm\u00fcdlich zu trainieren, \u00fcberlegen Sie sich sorgf\u00e4ltig bevor Sie die Spielschachtel <strong>Umculai\u00a0<\/strong>erwerben.<\/p>\n<p><strong>Ma\u00df:\u00a0<\/strong>\u00a0 440 x 260 x 74 mm<\/p>\n","protected":false},"excerpt":{"rendered":"<h3><strong>Sie und Ihres Haustier (kleinen Hund \/ die Katze) spielen das <\/strong>Umculai <strong>zusammen, macht einander mehr erkennen, treibt die Freundschaft und stillschweigendes Einverst\u00e4ndnis voran.<\/strong><\/h3>\n<h3><strong>Umculai trainiert Ihres Haustier akkuraten Tathergang noch, erh\u00f6ht das Benehmen und die Duldsamkeit des Haustiers durch dem interessierenden Spiel.<\/strong><\/h3>\n","protected":false},"featured_media":682,"comment_status":"open","ping_status":"closed","template":"","meta":{"spay_email":""},"_links":{"self":[{"href":"http:\/\/www.gudygudy.de\/Wordpress\/index.php\/wp-json\/wp\/v2\/product\/83"}],"collection":[{"href":"http:\/\/www.gudygudy.de\/Wordpress\/index.php\/wp-json\/wp\/v2\/product"}],"about":[{"href":"http:\/\/www.gudygudy.de\/Wordpress\/index.php\/wp-json\/wp\/v2\/types\/product"}],"replies":[{"embeddable":true,"href":"http:\/\/www.gudygudy.de\/Wordpress\/index.php\/wp-json\/wp\/v2\/comments?post=83"}],"wp:featuredmedia":[{"embeddable":true,"href":"http:\/\/www.gudygudy.de\/Wordpress\/index.php\/wp-json\/wp\/v2\/media\/682"}],"wp:attachment":[{"href":"http:\/\/www.gudygudy.de\/Wordpress\/index.php\/wp-json\/wp\/v2\/media?parent=83"}],"curies":[{"name":"wp","href":"https:\/\/api.w.org\/{rel}","templated":true}]}}